se 13, what is 12 - 31?
-1c
In base 3, what is -2100 + -2?
-2102
In base 13, what is 181 + 1?
182
In base 2, what is 11 + -1111?
-1100
In base 15, what is 30b + -8?
303
In base 3, what is 122000 + -121?
121102
In base 7, what is 10214 - 4?
10210
In base 13, what is 5 - -2077?
207c
In base 14, what is -5aa - -2?
-5a8
In base 9, what is 8 + 27?
36
In base 12, what is 12 + 1b?
31
In base 14, what is -14 + 472?
45c
In base 12, what is 2396 - -4?
239a
In base 12, what is -2 + 925?
923
In base 2, what is -100010101 - 1?
-100010110
In base 7, what is 5360 - -1?
5361
In base 5, what is -1 + -234?
-240
In base 5, what is 14042 + 2?
14044
In base 2, what is -1100111010101 - 1?
-1100111010110
In base 5, what is -10 + 304023?
304013
In base 11, what is -2 + 4a?
48
In base 2, what is -111111100 - -10001?
-111101011
In base 16, what is -6 - 2?
-8
In base 10, what is -297 - 13?
-310
In base 3, what is 120011 - 12?
112222
In base 13, what is -72 + 2?
-70
In base 10, what is 34 - 35?
-1
In base 6, what is -132 - -11?
-121
In base 9, what is -44 - 1?
-45
In base 9, what is -211 + -6?
-217
In base 3, what is -101210 - -2?
-101201
In base 9, what is 1 - 2782?
-2781
In base 4, what is -3 - 1302?
-1311
In base 3, what is -220121 - 1121?
-222012
In base 16, what is -13 + 2?
-11
In base 8, what is 5 + -320?
-313
In base 14, what is -1 - 17b?
-17c
In base 16, what is -d - 473?
-480
In base 3, what is -2100101 + -102?
-2100210
In base 4, what is -11313 + 11?
-11302
In base 4, what is -211333 + -11?
-212010
In base 9, what is 1 + -236?
-235
In base 7, what is -3 + 12?
6
In base 11, what is -4 + -733?
-737
In base 6, what is -123501 + 2?
-123455
In base 7, what is 0 + -24533?
-24533
In base 7, what is -302110 - 1?
-302111
In base 15, what is -2 - -47?
45
In base 8, what is 0 + 10276?
10276
In base 16, what is 10 - 1e?
-e
In base 16, what is f4 + -2?
f2
In base 3, what is 12 - 210?
-121
In base 5, what is 10 + 200211?
200221
In base 4, what is 1 - 23130?
-23123
In base 16, what is -23 - -b?
-18
In base 14, what is 16 + c?
24
In base 5, what is 301013 - -3?
301021
In base 16, what is 2c - 1?
2b
In base 15, what is -15 - -196?
181
In base 4, what is 1 - -11233?
11300
In base 6, what is -240 - 2?
-242
In base 10, what is -3 + 3728?
3725
In base 10, what is 6 + -97?
-91
In base 8, what is 17 + -27?
-10
In base 12, what is -8 - -23?
17
In base 13, what is 4 + -45?
-41
In base 6, what is 402 - 15?
343
In base 6, what is 5 - -2401?
2410
In base 11, what is 4270 - 3?
4268
In base 5, what is 4 + -114?
-110
In base 12, what is -145 + 6?
-13b
In base 15, what is 4 - -d8e?
d93
In base 6, what is -4 + 122?
114
In base 14, what is 173 - -3?
176
In base 9, what is 2063 - -1?
2064
In base 13, what is 25b5 + -4?
25b1
In base 15, what is 1e + -1?
1d
In base 7, what is 62316 + 0?
62316
In base 10, what is 7621 + -2?
7619
In base 14, what is -bd + 0?
-bd
In base 13, what is 1 - 33?
-32
In base 9, what is -2 + -2820?
-2822
In base 7, what is 525 + 1?
526
In base 7, what is -4 - 56?
-63
In base 8, what is -746 - -2?
-744
In base 5, what is 3 - -23321?
23324
In base 2, what is 1010 + -10001011001?
-10001001111
In base 4, what is -1 + -12011?
-12012
In base 7, what is 2026 + -4?
2022
In base 10, what is 2001 + 1?
2002
In base 3, what is -2 + -10222?
-11001
In base 12, what is -14 + -4a?
-62
In base 9, what is -4 + 31?
26
In base 14, what is -2 + 10a3?
10a1
In base 5, what is -333 + 3?
-330
In base 4, what is -2103321 + 3?
-2103312
In base 16, what is -70 + 0?
-70
In base 11, what is -1510 + -1?
-1511
In base 8, what is 51 + -23?
26
In base 7, what is -51 - 4?
-55
In base 13, what is 7 - -18c9?
1903
In base 13, what is 5 + -46?
-41
In base 8, what is 4004 - 5?
3777
In base 12, what is 2 - -37?
39
In base 8, what is 0 + -1414?
-1414
In base 16, what is 9b6 - 1?
9b5
In base 11, what is -3530 - 0?
-3530
In base 14, what is -2 + 1630?
162c
In base 7, what is -1 - -10440?
10436
In base 10, what is -679 + -1?
-680
In base 3, what is -20020 - -1000?
-12020
In base 16, what is 53b4 - -1?
53b5
In base 6, what is 2 - -22354?
22400
In base 16, what is -3 + 1b5?
1b2
In base 15, what is -93 - -5?
-8d
In base 12, what is -835 - 0?
-835
In base 16, what is -2 + -731?
-733
In base 2, what is 11 - -1100?
1111
In base 4, what is -1 + -11033?
-11100
In base 12, what is -3 - 1a2?
-1a5
In base 3, what is -10212 + 2010?
-1202
In base 6, what is 25 + 121?
150
In base 10, what is 3 + 12?
15
In base 6, what is -112100 + -1?
-112101
In base 9, what is 67 + 115?
183
In base 3, what is 111 + 0?
111
In base 8, what is 4 + 224?
230
In base 14, what is 5431 + 3?
5434
In base 2, what is -11110111 - -1001100?
-10101011
In base 4, what is -20 - 30303?
-30323
In base 3, what is 101101 - 120?
100211
In base 16, what is 3 - -263?
266
In base 14, what is 117 + 4?
11b
In base 12, what is -85 - 2?
-87
In base 3, what is 12 - 1220?
-1201
In base 14, what is 3 - -8c7?
8ca
In base 9, what is 3 - 106?
-103
In base 14, what is 7a + 3?
7d
In base 8, what is 44 + 543?
607
In base 3, what is 0 - 120?
-120
In base 11, what is -24 - 7?
-30
In base 10, what is -3 + -300?
-303
In base 16, what is -23e + 2?
-23c
In base 10, what is 14 + 1147?
1161
In base 3, what is 100120210 - -11?
100120221
In base 14, what is -48 + 3?
-45
In base 8, what is 3 + -31?
-26
In base 4, what is 20120 + -2?
20112
In base 6, what is -1 - -420?
415
In base 9, what is 558 - 0?
558
In base 16, what is -58 + -33?
-8b
In base 15, what is 1b + -4?
17
In base 4, what is -13 - 111?
-130
In base 5, what is -211 + 4?
-202
In base 11, what is 1 + -21?
-20
In base 2, what is 110011110 - 11?
110011011
In base 13, what is -69 - 1?
-6a
In base 4, what is 120 + 21?
201
In base 3, what is -11 + 2001?
1220
In base 6, what is -1002 - -1?
-1001
In base 5, what is -443 + -32?
-1030
In base 15, what is -4e2 + 5?
-4dc
In base 5, what is 1203 - 0?
1203
In base 3, what is 1121 - 20?
1101
In base 3, what is -2 + 1000120?
1000111
In base 12, what is 1a8 + 2?
1aa
In base 4, what is 121203 - 11?
121132
In base 12, what is -a6a + 0?
-a6a
In base 10, what is -5 - -14?
9
In base 2, what is -1101110 + -10000?
-1111110
In base 15, what is -1c - 7?
-24
In base 2, what is 110010100011 - 10?
110010100001
In base 5, what is -4 + -2?
-11
In base 13, what is -1 + 5a2?
5a1
In base 8, what is 4 + 156?
162
In base 2, what is -100 - 10011111010?
-10011111110
In base 4, what is 23111 - -10?
23121
In base 10, what is 66 + -9?
57
In base 3, what is 12220 - -11002?
100222
In base 7, what is 203 - 11?
162
In base 4, what is 202 - -1103?
1311
In base 11, what is -3 + -28?
-30
In base 16, what is -52 - 84?
-d6
In base 16, what is 22d - 1?
22c
In base 6, what is 4 - -2111?
2115
In base 16, what is -4 - 29?
-2d
In base 4, what is 122 - 121?
1
In base 7, what is -2131 + -3?
-2134
In base 11, what is -25 - -2?
-23
In base 5, what is -222144 + -10?
-222204
In base 14, what is -43 + 8?
-39
In base 8, what is 471 + -10?
461
In base 11, what is 19 - 35?
-17
In base 10, what is 42 - -5?
47
In base 4, what is -231 - 23?
-320
In base 4, what is -113031 - -3?
-113022
In base 7, what is -1 + -16?
-20
In base 8, what is 12 + -271?
-257
In base 13, what is -4 - 1c4?
-1c8
In base 3, what is -1 - 21022220?
-21022221
In base 14, what is -3 + -c?
-11
In base 2, what is 101 - 1010110000?
-1010101011
In base 11, what is 535 - 6?
52a
In base 6, what is 5 - -2043?
2052
In base 13, what is -7 - 3c?
-46
In base 6, what is 4 - 212?
-204
In base 15, what is 5 + 2654?
2659
In base 4, what is -1330220 - 1?
-1330221
In base 4, what is -102 - -10212?
10110
In base 7, what is -6 - -220?
211
In base 14, what is 9b2 - 3?
9ad
In base 3, what is 10200 - -12?
10212
In base 12, what is 27 - 7a?
-53
In base 11, what is 7134 - -5?
7139
In base 10, what is 1 + -474?
-473
In base 12, what is -4 + 525?
521
In base 13, what is 42 + 21?
63
In base 11, what is -1 + -377?
-378
In base 9, what is 3578 - -2?
3581
In base 5, what is -10 + 1134?
1124
In base 10, what is 2 - 611?
-609
In base 11, what is 382 + -4?
379
In base 11, what is 3 - -a2?
a5
In base 2, what is 100 - 1000001?
-111101
In base 14, what is 955 + 1?
956
In base 10, what is 6 - 755?
-749
In base 15, what is 6 - d8a?
-d84
In base 7, what is 104 - -404?
511
In base 3, what is 11220101 - -11?
1122011